. Give p(-1).
1
Let w(q) = 4*q**2 - 4076*q + 248047. Determine w(65).
7
Let a(q) = -12*q**2 + 3129*q + 42623. Give a(-13).
-82
Let j(b) = -b**3 + 17*b**2 - 51*b + 24. Give j(3).
-3
Let z(o) = -8341*o - 6221. What is z(-1)?
2120
Let z(n) = -n**3 + 30*n**2 + 1187*n + 10483. Calculate z(55).
143
Let d(s) = -4335*s + 99736. Give d(23).
31
Let y(r) = -109073*r + 1090722. Determine y(10).
-8
Let g(v) = 25*v**2 - 9786*v + 67261. Determine g(7).
-16
Let v(t) = 9*t**2 + 641*t - 5001. Calculate v(-79).
529
Let w(o) = 108*o - 24096. Calculate w(220).
-336
Let i(w) = 6*w**3 + 13*w**2 - 926*w - 2944. Give i(-3).
-211
Let u(s) = -1427*s + 117005. Give u(82).
-9
Let h(l) = 3750*l**2 - 1522499*l - 401. Determine h(406).
5
Let w(u) = 8*u**2 + 607*u + 6240. Determine w(-63).
-249
Let q(t) = -6*t**2 - 30*t + 3756. Give q(22).
192
Let k(r) = 1229*r - 54368. What is k(45)?
937
Let r(v) = 36*v**2 - 1043*v + 958. Calculate r(28).
-22
Let w(v) = 14728*v + 7982586. Give w(-542).
10
Let k(u) = 18*u**2 - 16261*u + 32509. Determine k(2).
59
Let z(c) = -246*c + 2998. What is z(16)?
-938
Let p(w) = 4*w**3 - 221*w**2 + 72*w - 289. Give p(55).
646
Let b(l) = -l**3 + 175*l**2 - 339*l - 1039. Determine b(173).
172
Let s(g) = 28126*g + 7453384. Calculate s(-265).
-6
Let s(j) = -129*j**2 + 18057*j - 100. What is s(140)?
-520
Let n(o) = -8170*o - 767912. Calculate n(-94).
68
Let u(w) = -112*w**3 - 9181*w**2 + 236*w - 815. Determine u(-82).
5
Let u(v) = -24*v**3 - 582*v - 1155. Calculate u(-2).
201
Let w(l) = 28756*l - 86146. Determine w(3).
122
Let t(u) = 3827*u - 15334. Give t(5).
3801
Let s(d) = -3*d**2 - 46298*d + 1531114. Calculate s(33).
13
Let l(w) = -1029*w**3 - 10*w**2 - 2*w + 13. Determine l(1).
-1028
Let d(b) = b**3 + 13*b**2 + 725*b + 11729. Give d(-15).
404
Let j(q) = q**3 - 37*q**2 + 362*q - 678. Determine j(17).
-304
Let p(r) = -r**2 - 22501*r - 157413. What is p(-7)?
45
Let i(f) = -f**3 + 63*f**2 + 139*f - 405. What is i(64)?
4395
Let c(q) = q**2 - 19*q - 3938. Determine c(73).
4
Let t(k) = 297*k - 11344. What is t(43)?
1427
Let d(z) = 4*z**2 + 105*z - 8921. Give d(36).
43
Let k(l) = -27*l**2 - 360*l - 771. Calculate k(-10).
129
Let n(u) = u**3 - 63*u**2 + 45*u + 8124. Calculate n(60).
24
Let t(m) = m**3 + 26*m**2 - 3*m - 333. What is t(-25)?
367
Let y(l) = -1906*l - 7609. Calculate y(-4).
15
Let t(a) = -a**3 + 127*a**2 + 1564*a - 6353. Calculate t(138).
-5
Let s(y) = -y**2 - 66*y + 2693. Calculate s(-95).
-62
Let b(s) = 3796*s + 26354. What is b(-7)?
-218
Let i(m) = 17*m**2 - 204*m - 10. Calculate i(13).
211
Let g(m) = 2*m**2 - 251*m + 4194. Calculate g(113).
1369
Let k(h) = 4*h**3 - 373*h**2 + 4679*h + 76. Give k(15).
-164
Let p(v) = 1509*v + 15127. What is p(-10)?
37
Let d(a) = -a**2 - 134*a - 1052. Calculate d(-7).
-163
Let l(h) = 4142*h - 1669221. What is l(403)?
5
Let b(r) = -10*r**3 - 532*r**2 - 112*r + 696. Calculate b(-53).
1014
Let n(q) = -11*q**3 - 46*q**2 + 368*q + 1511. What is n(-4)?
7
Let g(u) = -17*u**2 + 696*u - 2. What is g(1)?
677
Let f(g) = -7682*g + 30761. Give f(4).
33
Let s(q) = 15648*q - 250373. What is s(16)?
-5
Let q(n) = n**3 + 39*n**2 - 1448*n - 1392. Calculate q(-62).
-28
Let d(z) = 1062*z + 13246. Give d(-12).
502
Let j(g) = 3*g**3 - 4*g**2 + 225*g - 442. Calculate j(2).
16
Let i(z) = -316*z**3 + 3*z**2 - 15*z - 22. Determine i(-1).
312
Let r(f) = f**3 - 35*f**2 + 21*f - 2149. Calculate r(36).
-97
Let p(d) = 29796*d - 208557. What is p(7)?
15
Let x(t) = -3*t**3 + 54*t**2 - 109*t + 1969. Calculate x(18).
7
Let p(w) = -23*w + 1696. Give p(67).
155
Let a(z) = 18364*z + 973279. Determine a(-53).
-13
Let g(n) = n**3 - 66*n**2 + 485*n - 27311. What is g(65)?
-11
Let a(x) = 2225*x - 13354. Determine a(6).
-4
Let a(l) = 544*l**2 - 15779*l + 98. Determine a(29).
11
Let o(m) = 52184*m + 1252401. What is o(-24)?
-15
Let n(u) = -4*u**3 - 9*u**2 - 76*u - 456. Determine n(-6).
540
Let i(s) = 2*s**2 - 344*s - 5217. Give i(-14).
-9
Let k(t) = -t**2 - 98*t + 16295. Calculate k(94).
-1753
Let k(p) = -501789*p + 7025006. Calculate k(14).
-40
Let b(g) = 19622*g - 3. Give b(0).
-3
Let o(q) = -1895*q + 3750. Give o(2).
-40
Let z(g) = 2*g**3 - 45*g**2 + 57*g + 131. Calculate z(21).
5
Let a(v) = 16814*v - 218509. Determine a(13).
73
Let i(w) = -w**2 - 113*w - 2949. Give i(-38).
-99
Let c(d) = 15279*d - 258928. What is c(17)?
815
Let j(v) = -473*v - 38295. What is j(-81)?
18
Let z(f) = 218*f - 10022. Give z(46).
6
Let m(v) = v**3 + 117*v**2 - 1646*v + 5716. Give m(-130).
-4
Let h(u) = -4*u**2 + 109*u - 79. What is h(30)?
-409
Let o(a) = -399*a**2 + 10*a + 12. Determine o(2).
-1564
Let r(f) = 60389*f - 966189. Calculate r(16).
35
Let c(m) = 61*m**2 + 722*m + 2157. Calculate c(-4).
245
Let q(l) = l**3 - 177*l**2 + 1062*l - 6141. Calculate q(171).
15
Let l(a) = 27*a**2 + 58*a - 314. Calculate l(6).
1006
Let o(i) = 2*i**2 + 317272*i + 6661827. Give o(-21).
-3
Let j(n) = -73*n + 10174. Give j(133).
465
Let n(c) = -8*c**2 - 3288*c + 192626. Determine n(52).
18
Let m(v) = -537*v - 13436. Give m(-26).
526
Let d(b) = -24*b**3 + 394*b**2 + 228*b + 197. Calculate d(17).
27
Let p(d) = -7*d**3 + 362*d**2 - 483*d + 30499. Give p(52).
-25
Let f(o) = -18*o**2 - 2637*o + 31. What is f(0)?
31
Let r(k) = 795*k - 22124. What is r(28)?
136
Let k(a) = 4902*a - 2000016. Give k(408).
0
Let l(q) = -3*q**2 - 347594*q - 4518208. What is l(-13)?
7
Let x(v) = -12*v**2 - 794*v - 8. What is x(-66)?
124
Let v(o) = 18*o**3 - 15*o**2 + 517*o + 1094. Calculate v(-2).
-144
Let u(h) = -1199*h - 44326. Determine u(-37).
37
Let m(b) = 4*b**2 + 634*b + 5381. Determine m(-9).
-1
Let q(a) = -a**2 - 4542*a - 1165446. What is q(-273)?
-9
Let m(h) = 35398*h + 460210. What is m(-13)?
36
Let x(l) = 2*l**3 - 85*l**2 - 267*l - 2750. What is x(46)?
-220
Let c(w) = -w**2 + 306*w + 10092. Determine c(-30).
12
Let f(n) = n**3 - 34*n**2 - 480*n + 17980. Calculate f(30).
-20
Let y(v) = 10*v**3 - 2*v**2 + 3152*v - 6299. Determine y(2).
77
Let a(r) = -r**3 + 428*r**2 + 42411*r - 121. Determine a(-83).
45
Let b(n) = 363*n + 37026. What is b(-102)?
0
Let q(y) = -11*y**3 + 4*y**2 + 383*y - 772. What is q(2)?
-78
Let z(f) = -13*f**2 + 209067*f - 418093. Determine z(2).
-11
Let c(d) = -d**3 + 56*d**2 - 207*d - 578. Give c(6).
-20
Let d(n) = n**3 - 56*n**2 - 2133*n + 90. Determine d(82).
8
Let m(f) = f**3 - 13*f**2 - 687*f + 10119. Calculate m(16).
-105
Let b(r) = r**3 - 47*r**2 + 320*r - 45. Calculate b(12).
-1245
Let n(x) = 36*x**2 - 8168*x - 40829. Give n(-5).
911
Let q(z) = -3034*z + 196884. Determine q(65).
-326
Let c(v) = 534*v + 11931. Give c(-23).
-351
Let q(b) = 2*b**3 - 66*b**2 + 438*b - 24. What is q(24)?
120
Let w(n) = 9848*n + 541649. Give w(-55).
9
Let r(q) = -2162*q + 330774. Give r(153).
-12
Let m(y) = -y**3 + 27*y**2 + 105*y - 3885. What is m(25)?
-10
Let w(c) = 11375*c + 22786. Determine w(-2).
36
Let p(t) = 3*t**3 + 51*t**2 + 4*t - 32. Determine p(-17).
-100
Let t(h) = -3*h**3 + 183*h**2 - 2511*h - 99. What is t(21)?
90
Let v(h) = h**3 + 37*h**2 - 1210*h - 12028. Determine v(-55).
72
Let b(u) = -18*u**2 - 153*u - 131. Give b(-7).
58
Let v(c) = -77442*c - 387215. Determine v(-5).
-5
Let p(c) = -6407*c**3 + 12812*c**2 + 65*c - 122. What is p(2)?
0
Let f(q) = 4*q**3 + 196*q**2 - q - 12. Give f(-49).
37
Let z(f) = -47182*f - 141538. What is z(-3)?
8
Let o(d) = -2306*d + 26103. Give o(12).
-1569
Let q(z) = -z**3 - 116*z**2 + 467*z - 1548. Give q(-120).
12
Let x(v) = 12251*v + 869823. What is x(-71)?
2
Let k(l) = -l**2 + 147*l + 92253. Give k(386).
-1
Let o(q) = 3576*q + 557861. Calculate o(-156).
5
Let t(j) = 2047*j + 70. Calculate t(0).
70
Let t(q) = -94*q**2 - 456*q - 316. Determine t(-4).
4
Let v(o) = -1532*o - 271178. Calculate v(-177).
-14
Let d(n) = 7181*n - 5852512. Determine d(815).
3
Let t(q) = -2*q**2 - 80*q - 830. Calculate t(-20).
-30
Let m(d) = d**3 + 161*d**2 + 881*d - 7869. Give m(-155).
-274
Let w(q) = -1232*q**2 - 2485*q - 44. Give w(-2).
-2
Let g(v) = 3538*v - 226858. Determine g(64).
-426
Let b(a) = -80271*a - 561934. Give b(-7).
-37
Let i(r) = 2486413*r + 2486392. What is i(-1)?
-21
Let y(k) = -2650*k + 39736. Determine y(15).
-14
Let w(v) = v**3 + 20*v**2 + 21963*v + 439235. Determine w(-20).
-25
Let w(v) = -164*v**3 + 5408*v**2 + 120*v + 423. What is w(33)?
27
Let a(h) = -7*h**2 - 